{"id":8101,"date":"2022-04-07T11:02:06","date_gmt":"2022-04-07T08:02:06","guid":{"rendered":"www.dostumyem.com.tr?page_id=8101"},"modified":"2022-04-11T11:33:12","modified_gmt":"2022-04-11T08:33:12","slug":"yonetim-kurulu","status":"publish","type":"page","link":"https:\/\/dostumyemeski.birikiuc.net\/?page_id=8101","title":{"rendered":"Y\u00f6netim Kurulu"},"content":{"rendered":"<section class=\"l-section wpb_row height_small color_primary parallax_hor bgwidth_120\"><div class=\"l-section-overlay\" style=\"background:rgba(2,2,2,0.67)\"><\/div><div class=\"l-section-h i-cf\"><div class=\"g-cols vc_row via_grid cols_1 laptops-cols_inherit tablets-cols_inherit mobiles-cols_1 valign_top type_default\"><div class=\"wpb_column vc_column_container\"><div class=\"vc_column-inner\"><div class=\"wpb_text_column\"><div class=\"wpb_wrapper\"><h1 style=\"text-align: center;\">Y\u00d6NET\u0130M KURULU<\/h1>\n<\/div><\/div><div class=\"w-separator size_small\"><\/div><div class=\"w-iconbox iconpos_top style_default color_custom align_center no_title no_text\"><a href=\"#intro\" class=\"w-iconbox-link\" aria-label=\"far|chevron-down\"><div class=\"w-iconbox-icon\" style=\"font-size:3rem;color:#ffffff;\"><i class=\"far fa-chevron-down\"><\/i><\/div><\/a><div class=\"w-iconbox-meta\"><\/div><\/div><div class=\"w-separator size_medium\"><\/div><\/div><\/div><\/div><\/div><\/section><!-- Row Backgrounds --><div class=\"upb_color\" data-bg-override=\"0\" data-bg-color=\"#1e73be\" data-fadeout=\"\" data-fadeout-percentage=\"30\" data-parallax-content=\"\" data-parallax-content-sense=\"30\" data-row-effect-mobile-disable=\"true\" data-img-parallax-mobile-disable=\"true\" data-rtl=\"false\"  data-custom-vc-row=\"\"  data-vc=\"6.7.0\"  data-is_old_vc=\"\"  data-theme-support=\"\"   data-overlay=\"false\" data-overlay-color=\"\" data-overlay-pattern=\"\" data-overlay-pattern-opacity=\"\" data-overlay-pattern-size=\"\"    ><\/div><section class=\"l-section wpb_row height_small\"><div class=\"l-section-h i-cf\"><div class=\"g-cols vc_row via_grid cols_2 laptops-cols_inherit tablets-cols_inherit mobiles-cols_1 valign_top type_default\"><div class=\"wpb_column vc_column_container\"><div class=\"vc_column-inner\"><div class=\"w-image align_center\"><div class=\"w-image-h\"><img loading=\"lazy\" decoding=\"async\" width=\"350\" height=\"350\" src=\"https:\/\/dostumyemeski.birikiuc.net\/wp-content\/uploads\/2016\/02\/R1.jpg\" class=\"attachment-large size-large\" alt=\"\" srcset=\"https:\/\/dostumyemeski.birikiuc.net\/wp-content\/uploads\/2016\/02\/R1.jpg 350w, https:\/\/dostumyemeski.birikiuc.net\/wp-content\/uploads\/2016\/02\/R1-300x300.jpg 300w, https:\/\/dostumyemeski.birikiuc.net\/wp-content\/uploads\/2016\/02\/R1-150x150.jpg 150w\" sizes=\"auto, (max-width: 350px) 100vw, 350px\" \/><\/div><\/div><\/div><\/div><div class=\"wpb_column vc_column_container\"><div class=\"vc_column-inner\"><div class=\"wpb_text_column\"><div class=\"wpb_wrapper\"><h3><strong>A. Rona YIRCALI | Onursal Ba\u015fkan<\/strong><\/h3>\n<p>1944 do\u011fumlu olan Rona Y\u0131rcal\u0131, lise \u00f6\u011frenimini Robert Kolej\u2019 de tamamlad\u0131ktan sonra Ekonomi ve \u0130\u015f \u0130daresi konular\u0131nda y\u00fcksek\u00f6\u011frenimini University of Miami (ABD)\u2019de yapm\u0131\u015ft\u0131r. Sahip oldu\u011fu grup kurulu\u015flar\u0131nda, enerji (transformat\u00f6r, hidroelektrik ve r\u00fczg\u00e2r enerjisi), g\u0131da, yem, tekstil, sentetik elyaf \u00fcretimi, turizm ve finans sekt\u00f6r\u00fcnde faaliyet g\u00f6stermektedir. Uzun y\u0131llar BALYEM de Y\u00f6netim Kurulu Ba\u015fkanl\u0131\u011f\u0131 g\u00f6revini y\u00fcr\u00fcten Rona Y\u0131rcal\u0131 2012 y\u0131l\u0131nda ba\u015fkanl\u0131\u011f\u0131 o\u011flu Sinan Y\u0131rcal\u0131\u2019ya devrederek Onursal Ba\u015fkan\u0131m\u0131z olmu\u015ftur.<\/p>\n<h6 class=\"p1\"><strong><span class=\"s1\">Y\u00f6netim Kurulu Ba\u015fkan\u0131 | Sinan YIRCALI<\/span><\/strong><\/h6>\n<h6 class=\"p1\"><strong><span class=\"s1\">Y\u00f6n. Kurulu Ba\u015fkan Yard\u0131mc\u0131s\u0131 | A.S\u0131rr\u0131 YIRCALI<\/span><\/strong><\/h6>\n<h6 class=\"p1\"><strong><span class=\"s1\">\u00dcye (Genel M\u00fcd\u00fcr ) | Hasan SAKARYA<\/span><\/strong><\/h6>\n<\/div><\/div><\/div><\/div><\/div><\/div><\/section><section class=\"l-section wpb_row height_small\"><div class=\"l-section-h i-cf\"><div class=\"g-cols vc_row via_grid cols_2 laptops-cols_inherit tablets-cols_inherit mobiles-cols_1 valign_top type_default\"><div class=\"wpb_column vc_column_container\"><div class=\"vc_column-inner\"><div class=\"w-image align_center\"><div class=\"w-image-h\"><img loading=\"lazy\" decoding=\"async\" width=\"350\" height=\"350\" src=\"https:\/\/dostumyemeski.birikiuc.net\/wp-content\/uploads\/2016\/02\/R2.jpg\" class=\"attachment-large size-large\" alt=\"\" srcset=\"https:\/\/dostumyemeski.birikiuc.net\/wp-content\/uploads\/2016\/02\/R2.jpg 350w, https:\/\/dostumyemeski.birikiuc.net\/wp-content\/uploads\/2016\/02\/R2-300x300.jpg 300w, https:\/\/dostumyemeski.birikiuc.net\/wp-content\/uploads\/2016\/02\/R2-150x150.jpg 150w\" sizes=\"auto, (max-width: 350px) 100vw, 350px\" \/><\/div><\/div><\/div><\/div><div class=\"wpb_column vc_column_container\"><div class=\"vc_column-inner\"><div class=\"wpb_text_column\"><div class=\"wpb_wrapper\"><h3><strong>A.Rona Y\u0131rcal\u0131\u2019n\u0131n g\u00f6rev ald\u0131\u011f\u0131 kurulu\u015flar;<\/strong><\/h3>\n<p>Y\u0131rcal\u0131 Holding Y\u00f6netim Kurulu Ba\u015fkan\u0131<br \/>\nBEST A.\u015e. Y\u00f6netim Kurulu Ba\u015fkan\u0131<br \/>\nKaresi Enerji Y\u00f6netim Kurulu Ba\u015fkan\u0131 D\u00fcnya Odalar Federasyonu Onursal Ba\u015fkan<br \/>\nD\u0131\u015f Ekonomik \u0130li\u015fkiler Kurulu (DE\u0130K) Y\u00f6netim ve \u0130cra Kurulu \u00dcyesi<br \/>\nOrtado\u011fu ve K\u00f6rfez \u0130\u015f Konseyleri (DE\u0130K) Koordinat\u00f6r Ba\u015fkan<br \/>\nT\u00fcrkiye \u2013 L\u00fcbnan \u0130\u015f Konseyi (DE\u0130K) Ba\u015fkan<br \/>\nMilletleraras\u0131 Ticaret Odas\u0131 (ICC-Paris) D\u00fcnya Konseyi \u00dcyesi 1990 \u2013 )<br \/>\nD\u00fcnya T\u00fcrk \u0130\u015fadamlar\u0131 Konseyi (DTIK) Y\u00f6netim ve \u0130cra Komitesi \u00dcyesi (2009 \u2013 )<br \/>\nT\u00fcrk E\u011fitim Vakf\u0131 (TEV) M\u00fctevelli Heyeti Ba\u015fkan\u0131 (2007 \u2013 )<br \/>\nT\u00dcS\u0130AD Y\u00fcksek \u0130sti\u015fare Kurulu \u00dcyesi<br \/>\nEge Sanayici \u0130\u015fadamlar\u0131 Derne\u011fi Y\u00fcksek \u0130sti\u015fare Kurulu \u00dcyesi<br \/>\n\u00dclker Grubu<br \/>\nT\u00fcrk E\u011fitim Vakf\u0131 Y\u00f6netim Kurulu Ba\u015fkan\u0131<\/p>\n<\/div><\/div><\/div><\/div><\/div><\/div><\/section><section class=\"l-section wpb_row height_small\"><div class=\"l-section-h i-cf\"><div class=\"g-cols vc_row via_grid cols_2 laptops-cols_inherit tablets-cols_inherit mobiles-cols_1 valign_top type_default\"><div class=\"wpb_column vc_column_container\"><div class=\"vc_column-inner\"><div class=\"w-image align_center\"><div class=\"w-image-h\"><img loading=\"lazy\" decoding=\"async\" width=\"350\" height=\"350\" src=\"https:\/\/dostumyemeski.birikiuc.net\/wp-content\/uploads\/2016\/02\/R3.jpg\" class=\"attachment-large size-large\" alt=\"\" srcset=\"https:\/\/dostumyemeski.birikiuc.net\/wp-content\/uploads\/2016\/02\/R3.jpg 350w, https:\/\/dostumyemeski.birikiuc.net\/wp-content\/uploads\/2016\/02\/R3-300x300.jpg 300w, https:\/\/dostumyemeski.birikiuc.net\/wp-content\/uploads\/2016\/02\/R3-150x150.jpg 150w\" sizes=\"auto, (max-width: 350px) 100vw, 350px\" \/><\/div><\/div><\/div><\/div><div class=\"wpb_column vc_column_container\"><div class=\"vc_column-inner\"><div class=\"wpb_text_column\"><div class=\"wpb_wrapper\"><h3><strong>A.Rona Y\u0131rcal\u0131\u2019n\u0131n ge\u00e7mi\u015fte g\u00f6rev ald\u0131\u011f\u0131 kurulu\u015flar;<\/strong><\/h3>\n<p>Bal\u0131kesir Sanayi Odas\u0131 Meclis Ba\u015fkan\u0131<br \/>\nBal\u0131kesir Sanayi Odas\u0131 Y\u00f6netim Kurulu Ba\u015fkan\u0131<br \/>\nD\u0131\u015f Ekonomik \u0130li\u015fkiler Kurulu (DE\u0130K) \u0130cra Kurulu Ba\u015fkan\u0131<br \/>\nD\u0131\u015f Ekonomik \u0130li\u015fkiler Kurulu (DE\u0130K) Y\u00f6netim Kurulu Ba\u015fkan\u0131<br \/>\nD\u00fcnya Odalar\u0131 Federasyonu (WCF) Ba\u015fkan<br \/>\nT\u00fcrkiye Odalar Birli\u011fi (TOBB) Y\u00f6netim Kurulu Ba\u015fkan\u0131<br \/>\nT\u00fcrkiye Odalar Birli\u011fi (TOBB) Y\u00f6netim Kurulu Ba\u015fkan Yard\u0131mc\u0131s\u0131<br \/>\nT\u00fcrkiye Odalar Birli\u011fi (TOBB) Y\u00f6netim Kurulu Muhasip \u00dcyesi<br \/>\nYap\u0131 Kredi Bankas\u0131 Y\u00f6netim Kurulu Ba\u015fkan\u0131<br \/>\nT\u00fcrkiye Odalar Birli\u011fi Sanayi Konseyi \u00dcye<br \/>\nT\u00fcrkiye \u0130ktisadi Kalk\u0131nma Vakf\u0131 (IKV) Y\u00f6netim Kurulu \u00dcyesi<br \/>\nICC-Paris Y\u00f6netim Kurulu \u00dcyesi<br \/>\nICC-Paris Finans Komite \u00dcyesi<br \/>\nICC \u2013 Turkey Y\u00f6netim Kurulu Ba\u015fkan\u0131<br \/>\nICC \u2013 Turkey T\u00fcrk Milli Komite Ba\u015fkan Yrd.<br \/>\nT\u00fcrkiye Sanayici \u0130\u015fadamlar\u0131 Derne\u011fi Y\u00fcksek \u0130sti\u015fare Kurulu Ba\u015fkan Yrd.<br \/>\nHenkel (T\u00fcrkiye) Y\u00f6netim Kurulu Ba\u015fkan\u0131<br \/>\nCoca-Cola Co.<\/p>\n<\/div><\/div><\/div><\/div><\/div><\/div><\/section>\n","protected":false},"excerpt":{"rendered":"Y\u00d6NET\u0130M KURULU A. Rona YIRCALI | Onursal Ba\u015fkan 1944 do\u011fumlu olan Rona Y\u0131rcal\u0131, lise \u00f6\u011frenimini Robert Kolej\u2019 de tamamlad\u0131ktan sonra Ekonomi ve \u0130\u015f \u0130daresi konular\u0131nda y\u00fcksek\u00f6\u011frenimini University of Miami (ABD)\u2019de yapm\u0131\u015ft\u0131r. Sahip oldu\u011fu grup kurulu\u015flar\u0131nda, enerji (transformat\u00f6r, hidroelektrik ve r\u00fczg\u00e2r enerjisi), g\u0131da, yem, tekstil, sentetik elyaf \u00fcretimi, turizm ve finans sekt\u00f6r\u00fcnde faaliyet g\u00f6stermektedir. Uzun y\u0131llar...","protected":false},"author":1,"featured_media":0,"parent":0,"menu_order":0,"comment_status":"closed","ping_status":"closed","template":"","meta":{"footnotes":""},"class_list":["post-8101","page","type-page","status-publish","hentry"],"_links":{"self":[{"href":"https:\/\/dostumyemeski.birikiuc.net\/index.php?rest_route=\/wp\/v2\/pages\/8101","targetHints":{"allow":["GET"]}}],"collection":[{"href":"https:\/\/dostumyemeski.birikiuc.net\/index.php?rest_route=\/wp\/v2\/pages"}],"about":[{"href":"https:\/\/dostumyemeski.birikiuc.net\/index.php?rest_route=\/wp\/v2\/types\/page"}],"author":[{"embeddable":true,"href":"https:\/\/dostumyemeski.birikiuc.net\/index.php?rest_route=\/wp\/v2\/users\/1"}],"replies":[{"embeddable":true,"href":"https:\/\/dostumyemeski.birikiuc.net\/index.php?rest_route=%2Fwp%2Fv2%2Fcomments&post=8101"}],"version-history":[{"count":6,"href":"https:\/\/dostumyemeski.birikiuc.net\/index.php?rest_route=\/wp\/v2\/pages\/8101\/revisions"}],"predecessor-version":[{"id":8297,"href":"https:\/\/dostumyemeski.birikiuc.net\/index.php?rest_route=\/wp\/v2\/pages\/8101\/revisions\/8297"}],"wp:attachment":[{"href":"https:\/\/dostumyemeski.birikiuc.net\/index.php?rest_route=%2Fwp%2Fv2%2Fmedia&parent=8101"}],"curies":[{"name":"wp","href":"https:\/\/api.w.org\/{rel}","templated":true}]}}

Yönetim Kurulu

<section class="l-section wpb_row height_small color_primary parallax_hor bgwidth_120"><div class="l-section-overlay" style="background:rgba(2,2,2,0.67)"></div><div class="l-section-h i-cf"><div class="g-cols vc_row via_grid cols_1 laptops-cols_inherit tablets-cols_inherit mobiles-cols_1 valign_top type_default"><div class="wpb_column vc_column_container"><div class="vc_column-inner"><div class="wpb_text_column"><div class="wpb_wrapper"><h1 style="text-align: center;">YÖNETİM KURULU</h1>
</div></div><div class="w-separator size_small"></div><div class="w-iconbox iconpos_top style_default color_custom align_center no_title no_text"><a href="#intro" class="w-iconbox-link" aria-label="far|chevron-down"><div class="w-iconbox-icon" style="font-size:3rem;color:#ffffff;"><i class="far fa-chevron-down"></i></div></a><div class="w-iconbox-meta"></div></div><div class="w-separator size_medium"></div></div></div></div></div></section><!-- Row Backgrounds --><div class="upb_color" data-bg-override="0" data-bg-color="#1e73be" data-fadeout="" data-fadeout-percentage="30" data-parallax-content="" data-parallax-content-sense="30" data-row-effect-mobile-disable="true" data-img-parallax-mobile-disable="true" data-rtl="false"  data-custom-vc-row=""  data-vc="6.7.0"  data-is_old_vc=""  data-theme-support=""   data-overlay="false" data-overlay-color="" data-overlay-pattern="" data-overlay-pattern-opacity="" data-overlay-pattern-size=""    ></div><section class="l-section wpb_row height_small"><div class="l-section-h i-cf"><div class="g-cols vc_row via_grid cols_2 laptops-cols_inherit tablets-cols_inherit mobiles-cols_1 valign_top type_default"><div class="wpb_column vc_column_container"><div class="vc_column-inner"><div class="w-image align_center"><div class="w-image-h"><img loading="lazy" decoding="async" width="350" height="350" src="https://dostumyemeski.birikiuc.net/wp-content/uploads/2016/02/R1.jpg" class="attachment-large size-large" alt="" srcset="https://dostumyemeski.birikiuc.net/wp-content/uploads/2016/02/R1.jpg 350w, https://dostumyemeski.birikiuc.net/wp-content/uploads/2016/02/R1-300x300.jpg 300w, https://dostumyemeski.birikiuc.net/wp-content/uploads/2016/02/R1-150x150.jpg 150w" sizes="auto, (max-width: 350px) 100vw, 350px" /></div></div></div></div><div class="wpb_column vc_column_container"><div class="vc_column-inner"><div class="wpb_text_column"><div class="wpb_wrapper"><h3><strong>A. Rona YIRCALI | Onursal Başkan</strong></h3>
<p>1944 doğumlu olan Rona Yırcalı, lise öğrenimini Robert Kolej’ de tamamladıktan sonra Ekonomi ve İş İdaresi konularında yükseköğrenimini University of Miami (ABD)’de yapmıştır. Sahip olduğu grup kuruluşlarında, enerji (transformatör, hidroelektrik ve rüzgâr enerjisi), gıda, yem, tekstil, sentetik elyaf üretimi, turizm ve finans sektöründe faaliyet göstermektedir. Uzun yıllar BALYEM de Yönetim Kurulu Başkanlığı görevini yürüten Rona Yırcalı 2012 yılında başkanlığı oğlu Sinan Yırcalı’ya devrederek Onursal Başkanımız olmuştur.</p>
<h6 class="p1"><strong><span class="s1">Yönetim Kurulu Başkanı | Sinan YIRCALI</span></strong></h6>
<h6 class="p1"><strong><span class="s1">Yön. Kurulu Başkan Yardımcısı | A.Sırrı YIRCALI</span></strong></h6>
<h6 class="p1"><strong><span class="s1">Üye (Genel Müdür ) | Hasan SAKARYA</span></strong></h6>
</div></div></div></div></div></div></section><section class="l-section wpb_row height_small"><div class="l-section-h i-cf"><div class="g-cols vc_row via_grid cols_2 laptops-cols_inherit tablets-cols_inherit mobiles-cols_1 valign_top type_default"><div class="wpb_column vc_column_container"><div class="vc_column-inner"><div class="w-image align_center"><div class="w-image-h"><img loading="lazy" decoding="async" width="350" height="350" src="https://dostumyemeski.birikiuc.net/wp-content/uploads/2016/02/R2.jpg" class="attachment-large size-large" alt="" srcset="https://dostumyemeski.birikiuc.net/wp-content/uploads/2016/02/R2.jpg 350w, https://dostumyemeski.birikiuc.net/wp-content/uploads/2016/02/R2-300x300.jpg 300w, https://dostumyemeski.birikiuc.net/wp-content/uploads/2016/02/R2-150x150.jpg 150w" sizes="auto, (max-width: 350px) 100vw, 350px" /></div></div></div></div><div class="wpb_column vc_column_container"><div class="vc_column-inner"><div class="wpb_text_column"><div class="wpb_wrapper"><h3><strong>A.Rona Yırcalı’nın görev aldığı kuruluşlar;</strong></h3>
<p>Yırcalı Holding Yönetim Kurulu Başkanı<br />
BEST A.Ş. Yönetim Kurulu Başkanı<br />
Karesi Enerji Yönetim Kurulu Başkanı Dünya Odalar Federasyonu Onursal Başkan<br />
Dış Ekonomik İlişkiler Kurulu (DEİK) Yönetim ve İcra Kurulu Üyesi<br />
Ortadoğu ve Körfez İş Konseyleri (DEİK) Koordinatör Başkan<br />
Türkiye – Lübnan İş Konseyi (DEİK) Başkan<br />
Milletlerarası Ticaret Odası (ICC-Paris) Dünya Konseyi Üyesi 1990 – )<br />
Dünya Türk İşadamları Konseyi (DTIK) Yönetim ve İcra Komitesi Üyesi (2009 – )<br />
Türk Eğitim Vakfı (TEV) Mütevelli Heyeti Başkanı (2007 – )<br />
TÜSİAD Yüksek İstişare Kurulu Üyesi<br />
Ege Sanayici İşadamları Derneği Yüksek İstişare Kurulu Üyesi<br />
Ülker Grubu<br />
Türk Eğitim Vakfı Yönetim Kurulu Başkanı</p>
</div></div></div></div></div></div></section><section class="l-section wpb_row height_small"><div class="l-section-h i-cf"><div class="g-cols vc_row via_grid cols_2 laptops-cols_inherit tablets-cols_inherit mobiles-cols_1 valign_top type_default"><div class="wpb_column vc_column_container"><div class="vc_column-inner"><div class="w-image align_center"><div class="w-image-h"><img loading="lazy" decoding="async" width="350" height="350" src="https://dostumyemeski.birikiuc.net/wp-content/uploads/2016/02/R3.jpg" class="attachment-large size-large" alt="" srcset="https://dostumyemeski.birikiuc.net/wp-content/uploads/2016/02/R3.jpg 350w, https://dostumyemeski.birikiuc.net/wp-content/uploads/2016/02/R3-300x300.jpg 300w, https://dostumyemeski.birikiuc.net/wp-content/uploads/2016/02/R3-150x150.jpg 150w" sizes="auto, (max-width: 350px) 100vw, 350px" /></div></div></div></div><div class="wpb_column vc_column_container"><div class="vc_column-inner"><div class="wpb_text_column"><div class="wpb_wrapper"><h3><strong>A.Rona Yırcalı’nın geçmişte görev aldığı kuruluşlar;</strong></h3>
<p>Balıkesir Sanayi Odası Meclis Başkanı<br />
Balıkesir Sanayi Odası Yönetim Kurulu Başkanı<br />
Dış Ekonomik İlişkiler Kurulu (DEİK) İcra Kurulu Başkanı<br />
Dış Ekonomik İlişkiler Kurulu (DEİK) Yönetim Kurulu Başkanı<br />
Dünya Odaları Federasyonu (WCF) Başkan<br />
Türkiye Odalar Birliği (TOBB) Yönetim Kurulu Başkanı<br />
Türkiye Odalar Birliği (TOBB) Yönetim Kurulu Başkan Yardımcısı<br />
Türkiye Odalar Birliği (TOBB) Yönetim Kurulu Muhasip Üyesi<br />
Yapı Kredi Bankası Yönetim Kurulu Başkanı<br />
Türkiye Odalar Birliği Sanayi Konseyi Üye<br />
Türkiye İktisadi Kalkınma Vakfı (IKV) Yönetim Kurulu Üyesi<br />
ICC-Paris Yönetim Kurulu Üyesi<br />
ICC-Paris Finans Komite Üyesi<br />
ICC – Turkey Yönetim Kurulu Başkanı<br />
ICC – Turkey Türk Milli Komite Başkan Yrd.<br />
Türkiye Sanayici İşadamları Derneği Yüksek İstişare Kurulu Başkan Yrd.<br />
Henkel (Türkiye) Yönetim Kurulu Başkanı<br />
Coca-Cola Co.</p>
</div></div></div></div></div></div></section>

YÖNETİM KURULU A. Rona YIRCALI | Onursal Başkan 1944 doğumlu olan Rona Yırcalı, lise öğrenimini Robert Kolej’ de tamamladıktan sonra Ekonomi ve İş İdaresi konularında yükseköğrenimini University of Miami (ABD)’de yapmıştır. Sahip olduğu grup kuruluşlarında, enerji (transformatör, hidroelektrik ve rüzgâr enerjisi), gıda, yem, tekstil, sentetik elyaf üretimi, turizm ve finans sektöründe faaliyet göstermektedir. Uzun yıllar...
